{"id":1061,"date":"2017-02-13T10:17:17","date_gmt":"2017-02-13T09:17:17","guid":{"rendered":"http:\/\/www.tyresofiske.se\/index.php\/produkt\/tyreso-flaten-bat\/"},"modified":"2026-04-28T18:32:14","modified_gmt":"2026-04-28T17:32:14","slug":"tyreso-flaten-bat","status":"publish","type":"product","link":"https:\/\/www.tyresofiske.se\/index.php\/produkt\/tyreso-flaten-bat\/","title":{"rendered":"Kr\u00e4ftfiske Tyres\u00f6-Flaten \u2013 B\u00e5t"},"content":{"rendered":"<p>Kr\u00e4ftfiske fr\u00e5n b\u00e5t i Tyres\u00f6-Flaten f\u00f6r medlemmar i Tyres\u00f6 Fiskev\u00e5rdsf\u00f6rening. N\u00e5gon garanterad f\u00e5ngst kan av naturliga sk\u00e4l inte utlovas. F\u00e5ngstresultaten kan variera. Kr\u00e4ftornas skal\u00f6msning\u00a0p\u00e5verkar, vattentemperatur, v\u00e4der och vind och inte minst fiskarens skicklighet.<\/p>\n<p>Vid kr\u00e4ftfisket ing\u00e5r det b\u00e5t, fem burar och fem h\u00e5var samt kr\u00e4ftbete. Man f\u00e5r ta med\u00a0sig max 40 kr\u00e4ftor eller tv\u00e5 kilo (v\u00e4lj alternativ). Duktiga funktion\u00e4rer finns p\u00e5 plats. De visar g\u00e4rna dig som inte fiskat tidigare hur du ska g\u00f6ra. De kan ocks\u00e5 tipsa\u00a0om var du kan fiska \u2013 utan att garantera fiskeresultatet.<\/p>\n<p>L\u00e4s mer p\u00e5 hemsidan under fliken Fiske\/Kr\u00e4ftfiske.<\/p>\n","protected":false},"excerpt":{"rendered":"<p><strong>Kr\u00e4ftfiske<\/strong> fr\u00e5n b\u00e5t i Tyres\u00f6-Flaten f\u00f6r medlemmar i Tyres\u00f6 Fiskev\u00e5rdsf\u00f6rening. Vid kr\u00e4ftfisket ing\u00e5r det b\u00e5t, fem burar och fem h\u00e5var, samt kr\u00e4ftbete.<\/p>\n","protected":false},"featured_media":1042,"comment_status":"closed","ping_status":"closed","template":"","meta":{"_acf_changed":false},"product_brand":[],"product_cat":[28],"product_tag":[],"class_list":{"0":"post-1061","1":"product","2":"type-product","3":"status-publish","4":"has-post-thumbnail","6":"product_cat-kraftfiske","8":"first","9":"instock","10":"sold-individually","11":"purchasable","12":"product-type-variable"},"acf":[],"_links":{"self":[{"href":"https:\/\/www.tyresofiske.se\/index.php\/wp-json\/wp\/v2\/product\/1061","targetHints":{"allow":["GET"]}}],"collection":[{"href":"https:\/\/www.tyresofiske.se\/index.php\/wp-json\/wp\/v2\/product"}],"about":[{"href":"https:\/\/www.tyresofiske.se\/index.php\/wp-json\/wp\/v2\/types\/product"}],"replies":[{"embeddable":true,"href":"https:\/\/www.tyresofiske.se\/index.php\/wp-json\/wp\/v2\/comments?post=1061"}],"wp:featuredmedia":[{"embeddable":true,"href":"https:\/\/www.tyresofiske.se\/index.php\/wp-json\/wp\/v2\/media\/1042"}],"wp:attachment":[{"href":"https:\/\/www.tyresofiske.se\/index.php\/wp-json\/wp\/v2\/media?parent=1061"}],"wp:term":[{"taxonomy":"product_brand","embeddable":true,"href":"https:\/\/www.tyresofiske.se\/index.php\/wp-json\/wp\/v2\/product_brand?post=1061"},{"taxonomy":"product_cat","embeddable":true,"href":"https:\/\/www.tyresofiske.se\/index.php\/wp-json\/wp\/v2\/product_cat?post=1061"},{"taxonomy":"product_tag","embeddable":true,"href":"https:\/\/www.tyresofiske.se\/index.php\/wp-json\/wp\/v2\/product_tag?post=1061"}],"curies":[{"name":"wp","href":"https:\/\/api.w.org\/{rel}","templated":true}]}}