{"id":849,"date":"2015-11-27T15:32:50","date_gmt":"2015-11-27T14:32:50","guid":{"rendered":"http:\/\/www.tyresofiske.se\/?page_id=849"},"modified":"2017-02-18T12:44:18","modified_gmt":"2017-02-18T11:44:18","slug":"klubbhuset","status":"publish","type":"page","link":"https:\/\/www.tyresofiske.se\/index.php\/klubbhuset\/","title":{"rendered":"Klubbhuset"},"content":{"rendered":"<p>V\u00e5rt nya och efterl\u00e4ngtade klubbhus st\u00e5r \u00e4ntligen f\u00e4rdigt p\u00e5 f\u00f6reningens tomt p\u00e5 <a href=\"http:\/\/dela.hitta.se\/pl\/1004181691\" target=\"_blank\">Sparvv\u00e4gen 2<\/a>.<br \/>\nSchakt och p\u00e5lning inleddes i b\u00f6rjan av november 2015, plattan g\u00f6ts i slutet av m\u00e5naden och huset restes och var v\u00e4dert\u00e4tat f\u00f6re julen 2015. Efter att verksamheten legat nere under helgerna fortsatte bygget med komplettering av el, VVS och ventilation. V\u00e4ggarna kl\u00e4ddes inv\u00e4ndigt med sp\u00e5nskivor och gips, och vinden isolerades innan huset var klart att v\u00e4rmas upp. Vi r\u00e4knade med att sj\u00e4lva byggnationen skulle vara klar med huskompletteringar och inv\u00e4ndig m\u00e5lning omkring m\u00e5nadsskiftet mars\/april 2016 \u2013 och om allt g\u00e5tt enligt planerna var tanken att inviga huset n\u00e5gon g\u00e5ng f\u00f6re sommaren 2016.<br \/>\nNu \u00e4r det l\u00e5ngt ifr\u00e5n alla husprojekt som h\u00e5ller sin tidsplan, och v\u00e5rt klubbhus var inget undantag fr\u00e5n det. M\u00e5nga sm\u00e5 f\u00f6rseningar gjorde att sommarsemestern slog in och bygget stod i princip stilla fram till augusti. N\u00e4r vi s\u00e5 n\u00e4rmade oss slutbesiktning slog n\u00e4sta broms till: en st\u00f6rre vattenskada i samlingsrummet. F\u00f6rs\u00e4krings\u00e4rende, torktid, ny byggtid och ny slutbesiktning &#8211; nu var vi framme i oktober. S\u00e5 kunde vi \u00e4ntligen flytta in och finslipa p\u00e5 inredning och m\u00f6blering. Ett halv\u00e5r f\u00f6r sent hade vi f\u00f6rsta styrelsem\u00f6tet i v\u00e5rt nya klubbhus i december 2016.<br \/>\nBilder fr\u00e5n bygget: <a href=\"http:\/\/www.tyresofiske.se\/index.php\/gallerier\/?gallery=12\" target=\"_blank\">Galleri<\/a><\/p>\n","protected":false},"excerpt":{"rendered":"<p>V\u00e5rt nya och efterl\u00e4ngtade klubbhus st\u00e5r \u00e4ntligen f\u00e4rdigt p\u00e5 f\u00f6reningens tomt p\u00e5 Sparvv\u00e4gen 2. Schakt och p\u00e5lning inleddes i b\u00f6rjan av november 2015, plattan g\u00f6ts i slutet av m\u00e5naden och &hellip; <a href=\"https:\/\/www.tyresofiske.se\/index.php\/klubbhuset\/\" class=\"more-link\">Forts\u00e4tt l\u00e4sa <span class=\"screen-reader-text\">Klubbhuset<\/span> <span class=\"meta-nav\">&rarr;<\/span><\/a><\/p>\n","protected":false},"author":2,"featured_media":0,"parent":0,"menu_order":0,"comment_status":"closed","ping_status":"open","template":"","meta":{"_acf_changed":false,"footnotes":""},"class_list":["post-849","page","type-page","status-publish","hentry"],"acf":[],"_links":{"self":[{"href":"https:\/\/www.tyresofiske.se\/index.php\/wp-json\/wp\/v2\/pages\/849","targetHints":{"allow":["GET"]}}],"collection":[{"href":"https:\/\/www.tyresofiske.se\/index.php\/wp-json\/wp\/v2\/pages"}],"about":[{"href":"https:\/\/www.tyresofiske.se\/index.php\/wp-json\/wp\/v2\/types\/page"}],"author":[{"embeddable":true,"href":"https:\/\/www.tyresofiske.se\/index.php\/wp-json\/wp\/v2\/users\/2"}],"replies":[{"embeddable":true,"href":"https:\/\/www.tyresofiske.se\/index.php\/wp-json\/wp\/v2\/comments?post=849"}],"version-history":[{"count":10,"href":"https:\/\/www.tyresofiske.se\/index.php\/wp-json\/wp\/v2\/pages\/849\/revisions"}],"predecessor-version":[{"id":1079,"href":"https:\/\/www.tyresofiske.se\/index.php\/wp-json\/wp\/v2\/pages\/849\/revisions\/1079"}],"wp:attachment":[{"href":"https:\/\/www.tyresofiske.se\/index.php\/wp-json\/wp\/v2\/media?parent=849"}],"curies":[{"name":"wp","href":"https:\/\/api.w.org\/{rel}","templated":true}]}}