{"id":47,"date":"2013-03-29T15:56:17","date_gmt":"2013-03-29T15:56:17","guid":{"rendered":"http:\/\/www.tyresofiske.se\/?page_id=47"},"modified":"2015-01-31T11:51:01","modified_gmt":"2015-01-31T10:51:01","slug":"gaddfabrik","status":"publish","type":"page","link":"https:\/\/www.tyresofiske.se\/index.php\/fiskevard\/gaddfabrik\/","title":{"rendered":"G\u00e4ddfabrik"},"content":{"rendered":"<p>De f\u00f6rsta stegen f\u00f6r att f\u00e5 till st\u00e5nd en &#8221;g\u00e4ddfabrik&#8221; genom att tillf\u00e4lligt s\u00e4tta en bit betesmark under vatten p\u00e5 v\u00e5rarna har tagits. Det \u00e4r en l\u00e5ng och kr\u00e5nglig process att genomf\u00f6ra ett projekt av den h\u00e4r typen. Mer information kommer h\u00e4r n\u00e4r vi har n\u00e5got konkret att ber\u00e4tta.<\/p>\n","protected":false},"excerpt":{"rendered":"<p>De f\u00f6rsta stegen f\u00f6r att f\u00e5 till st\u00e5nd en &#8221;g\u00e4ddfabrik&#8221; genom att tillf\u00e4lligt s\u00e4tta en bit betesmark under vatten p\u00e5 v\u00e5rarna har tagits. Det \u00e4r en l\u00e5ng och kr\u00e5nglig process &hellip; <a href=\"https:\/\/www.tyresofiske.se\/index.php\/fiskevard\/gaddfabrik\/\" class=\"more-link\">Forts\u00e4tt l\u00e4sa <span class=\"screen-reader-text\">G\u00e4ddfabrik<\/span> <span class=\"meta-nav\">&rarr;<\/span><\/a><\/p>\n","protected":false},"author":2,"featured_media":0,"parent":8,"menu_order":1,"comment_status":"open","ping_status":"open","template":"","meta":{"_acf_changed":false,"footnotes":""},"class_list":["post-47","page","type-page","status-publish","hentry"],"acf":[],"_links":{"self":[{"href":"https:\/\/www.tyresofiske.se\/index.php\/wp-json\/wp\/v2\/pages\/47","targetHints":{"allow":["GET"]}}],"collection":[{"href":"https:\/\/www.tyresofiske.se\/index.php\/wp-json\/wp\/v2\/pages"}],"about":[{"href":"https:\/\/www.tyresofiske.se\/index.php\/wp-json\/wp\/v2\/types\/page"}],"author":[{"embeddable":true,"href":"https:\/\/www.tyresofiske.se\/index.php\/wp-json\/wp\/v2\/users\/2"}],"replies":[{"embeddable":true,"href":"https:\/\/www.tyresofiske.se\/index.php\/wp-json\/wp\/v2\/comments?post=47"}],"version-history":[{"count":4,"href":"https:\/\/www.tyresofiske.se\/index.php\/wp-json\/wp\/v2\/pages\/47\/revisions"}],"predecessor-version":[{"id":650,"href":"https:\/\/www.tyresofiske.se\/index.php\/wp-json\/wp\/v2\/pages\/47\/revisions\/650"}],"up":[{"embeddable":true,"href":"https:\/\/www.tyresofiske.se\/index.php\/wp-json\/wp\/v2\/pages\/8"}],"wp:attachment":[{"href":"https:\/\/www.tyresofiske.se\/index.php\/wp-json\/wp\/v2\/media?parent=47"}],"curies":[{"name":"wp","href":"https:\/\/api.w.org\/{rel}","templated":true}]}}